
9
Let y be (19 + -19)*2*4/(-16). Suppose 4*u - 5*n - 868 = -0*n, 868 = 4*u + n. Suppose y = -4*v + u + 3. What is the tens digit of v?
5
Let a(g) = 6*g**2 - 12*g - 10. Suppose -2*b = -22 + 2. What is the units digit of a(b)?
0
Let y = 384 - 370. Suppose 299 = y*a - 2417. What is the hundreds digit of a?
1
Let b = -11 - -41. Let y(x) = 40*x - 120. What is the hundreds digit of y(b)?
0
Suppose -36*l - 50088 = -91171 - 320393. What is the thousands digit of l?
0
Let s = 9779 - 1015. What is the units digit of s?
4
Suppose 0 = 4*q + 4, 5*q + 5 = 2*l - 4. Let i = l + 7. Let p(m) = 27*m - 40. What is the tens digit of p(i)?
0
Suppose 0 = -29*o + 30*o + 3*k - 11530, 0 = 2*o + 4*k - 23066. What is the thousands digit of o?
1
Suppose 0 = 38*c + 17343 - 102843. Suppose -4*j + c = -j. What is the tens digit of j?
5
Suppose 4*q - 30 = -18. Suppose 3*o + 522 = 6*o + q*m, -o = -4*m - 179. What is the units digit of o?
5
Let n be ((-6)/5 + 0)*(260 - -5). Let d = -211 - n. Let f = 215 - d. What is the units digit of f?
8
Let j = 237 + -107. Let f = j + -139. Let d = 62 + f. What is the units digit of d?
3
Suppose -130*s - 645 = -60*s - 55*s. Let j(d) = 9*d - 6. Let y be j(7). Let b = s + y. What is the units digit of b?
4
Let w(i) = 157*i + 924. What is the tens digit of w(48)?
6
Let m(d) = 15*d**2 + 75*d + 3587. What is the thousands digit of m(-63)?
8
Let k = 22 - -106. Suppose 5*l + 2 = -4*b + k, 5*l = 10. Suppose t - 28 = -2*x, x - b = -5*t + 4*t. What is the tens digit of t?
3
Let z = -14367 - -24008. What is the units digit of z?
1
Suppose 576*k - 588*k + 66540 = 0. What is the hundreds digit of k?
5
Suppose 4*d = -5*r + 278558, 5*d = -113*r + 108*r + 278565. What is the units digit of r?
6
What is the units digit of (-76)/(-57)*(12837/6 - 2)?
0
Let h(l) = 307*l**2 - 142*l + 567. What is the units digit of h(4)?
1
Let p = 927 + -923. What is the tens digit of 200928/392 - p/7?
1
Let w be 8 - -1 - 0/1. Let u(a) = -a + 11. Let y be u(w). Suppose 2*z - 179 = -6*i + 3*i, 0 = -y*i + 6. What is the units digit of z?
5
Let q = -7 + 17. Suppose 0 = -3*n - 2*n + q, -d + 848 = -2*n. Suppose -d = -5*u - u. What is the hundreds digit of u?
1
Suppose -s = 5*w - 239 + 165, -4*s = 4*w - 40. Let u = 2 - 2. Suppose 8*h - w*h + 824 = u. What is the tens digit of h?
0
Let q = 86 + -89. Let t be (-5 - -540)/5 - q. Suppose -3*s + 689 = t. What is the tens digit of s?
9
Let n = 1581 + -140. Suppose -287*v = -298*v + n. What is the units digit of v?
1
Let q be (2 + -4 + -235)*(2 - 3). Suppose -68*p + q = -65*p. Suppose 8*m + r = 10*m - 156, -r - p = -m. What is the units digit of m?
7
Let u(g) = 30*g**3 + 235*g**2 - 16*g + 13. What is the units digit of u(8)?
5
Let n = -1128 + 3028. What is the thousands digit of n?
1
Let y(x) = -45*x**2 - 27*x - 6. Let n be y(23). What is the tens digit of n/(-72) + (-2)/6?
3
Let s(c) = 834*c**2 - 3*c - 2. Let t be s(-1). Let o = -480 + t. What is the tens digit of o?
5
What is the tens digit of 16497/270 - (-2)/(-20)?
6
Suppose -2*l = 7 - 381. Let q = 232 - l. What is the tens digit of q?
4
Let h(f) = 2*f**3 + 54*f**2 - 91*f - 47. What is the tens digit of h(-26)?
7
Suppose -72*c + 3*a - 62791 = -76*c, 62847 = 4*c - 5*a. What is the thousands digit of c?
5
Let n(x) = -1607*x - 343. What is the hundreds digit of n(-7)?
9
Let n(m) = -351*m + 3016. What is the units digit of n(-24)?
0
Let w = -1211 - -2415. What is the units digit of w?
4
Suppose -5*y + 553 = -2*j + 14, -3*y = j - 319. Let l = y + -474. What is the tens digit of l/(-4) - (3/(-12) - 0)?
9
Let o(x) = 3*x**3 - 4. Let d(n) = 2*n**3 - 3. Let r(p) = 5*d(p) - 4*o(p). Let k be r(1). Let j = k + 39. What is the tens digit of j?
3
What is the units digit of (4394/52)/((-3)/46)*(0 + -9)?
1
Let a(q) = 116*q - 122. Let j be a(6). Suppose -j = 39*l - 12625. What is the tens digit of l?
0
Let a(p) = p**3 - p**2 + 3*p - 1. Suppose -11*g = -30 - 3. Let s be a(g). Let v = 0 + s. What is the units digit of v?
6
Suppose 10*f + 6*f - 125062 = 30730. What is the units digit of f?
7
Let m be 236/20 - (0 + -2)/10. Suppose 4*v + g = 8327, -3*v + 5*g = -4427 - 1824. Suppose m*f - 546 = v. What is the hundreds digit of f?
2
Let w(q) = q**2 - 6*q + 40. Let j = 158 - 146. What is the tens digit of w(j)?
1
Let y(x) = 1408*x**2 + 16*x + 21. What is the hundreds digit of y(-1)?
4
Let v be ((-7)/((-21)/(-18)))/((-4)/(-10)). What is the tens digit of 144 - 0 - 30/v?
4
Let s be ((-55)/22)/((-15)/29076). Suppose 13*p - 4423 = s. What is the tens digit of p?
1
Suppose 0*d - d - 2*b = -92, 421 = 5*d - 3*b. Suppose d + 174 = 2*w. Suppose 4*t + 3*i = i + 290, 4*i = -2*t + w. What is the tens digit of t?
7
Suppose -9*i + 72 = -63. Suppose i*w + 3115 = 22*w. What is the hundreds digit of w?
4
Let t be (1/(3/13))/(7/126). Suppose -4*y + 627 = -3*p, -5*y - t = 3*p - 828. Suppose -m + 4*a = -0*m - y, 3*a = 0. What is the tens digit of m?
5
Suppose -5*z + 2*x - 8 = 0, -4*z + 2*z - 8 = -2*x. Suppose 12*f + 6 - 30 = z. What is the units digit of 141*f/4 - (-3)/(-6)?
0
Suppose 0 = -5*f + 17*f - 82536. What is the units digit of f?
8
Let g(m) = -m**2 + m + 65. Let f(n) = -n**2 - 31*n + 12*n + 6*n - n**3 + 15*n. Let h be f(0). What is the units digit of g(h)?
5
Let m(l) = -342*l**3 - 3*l**2 - l + 1. Let k = 65 - 66. What is the units digit of m(k)?
1
Let n(y) = -y + 2. Let c be n(8). Let z(g) = 12*g**2 + g**3 - 4*g - 1 - g - 5*g**2. What is the tens digit of z(c)?
6
Suppose -16*x + 24606 = 4*v - 18*x, 0 = 2*v + 2*x - 12306. What is the tens digit of v?
5
Suppose 0*c + 12*c = -8340. Let l = c + 757. What is the units digit of l?
2
Let f(m) = 0*m + 12*m + 288 - 7*m - 67. Let i(t) = t + 44. Let j(h) = -2*f(h) + 11*i(h). What is the tens digit of j(0)?
4
Let n(i) = -i**2 - 3*i + 4. Let b be n(-5). Let m = -7 + b. Let k = 2 - m. What is the units digit of k?
5
What is the thousands digit of (-22 - -349)/((-444)/(-146) - 3)?
7
Let i = -384 - -242. Let d = 667 + i. What is the hundreds digit of d?
5
Let m = -129 + 202. Let u(o) = -o**2 - o - 27. Let i be u(0). Let s = m + i. What is the units digit of s?
6
Let q = -657 + 2274. What is the hundreds digit of q?
6
Let k(g) = 21*g + 9. Let c be k(5). Let i = c + -52. Suppose -3*o = -413 + i. What is the units digit of o?
7
Suppose 9*w = -32075 + 70760 + 70872. What is the tens digit of w?
7
Let o(c) = -12*c + 410. What is the units digit of o(17)?
6
Let c = -54580 + 86305. What is the thousands digit of c?
1
Let n = -64 - -70. Suppose n*a - 1785 = a. Let g = a - 211. What is the units digit of g?
6
Let b(j) = -3*j**3 + 227*j**2 + 84*j + 71. What is the hundreds digit of b(76)?
6
Suppose 6395 = 12*s - 2293. Suppose -16*r + s = -428. What is the tens digit of r?
7
Suppose 5*c - j - 14 = 12, 3*c = j + 16. Suppose -c*p = -4*r + 2*r - 5163, -4*r - 16 = 0. What is the thousands digit of p?
1
Let z = 10111 - 5476. What is the tens digit of z?
3
Suppose -5*u + 8*u - 4*t = 40, -5*u + 60 = -5*t. Suppose -3 + u = -5*l, -2*j + 5*l = -1671. What is the units digit of j?
3
Let i(g) = -1241*g + 1836. Let a(w) = -46*w + 68. Let k(z) = 136*a(z) - 5*i(z). What is the units digit of k(-7)?
5
Let m = -4210 + 12808. What is the tens digit of m?
9
Let v = 13031 + -53. What is the tens digit of v?
7
Let c(x) = 28*x**3 + x**2 - 6*x + 63. What is the hundreds digit of c(4)?
8
Let d be (12/(-14))/(6 - 88/14). Let l(h) = 721*h + 9. Let i be l(d). Suppose -i + 272 = -10*b. What is the hundreds digit of b?
1
Let y(g) = 20*g + 7. Let a be y(2). Let l = a + 108. What is the hundreds digit of l?
1
What is the thousands digit of (-2 - (-264)/(-15))*(-85 + 0)?
1
Let j be 30/3 - 5/(0 - -1). Suppose -j*s - 304 = -6*s. What is the units digit of s?
4
Suppose -3*u - 2*q = -148214, -4*q + 84213 + 14591 = 2*u. What is the ten thousands digit of u?
4
Let j(m) = -3*m - 49. Let v be j(-23). Suppose 23*f - 816 = v*f. What is the units digit of f?
2
Let w be 24/5*20/8. Suppose -i + 5 = 0, -2*i + 6*i - w = 2*t. Suppose 3*x = -5*n + 554, -2*x + 7*n + 344 = t*n. What is the hundreds digit of x?
1
Let o(i) = -7*i**2 - 44*i + 17. Let w be o(8). Let l = w + 1474. What is the tens digit of l?
9
Suppose -3*h + 4*s + 8 = 0, 11*s = 2*h + 15*s + 8. Suppose h = 2*v + 2, 5*q = 8*q - v - 2698. What is the tens digit of q?
9
Suppose 3*m = 5